1)).
-4
What is (-4 - (3 - 7)) + (13 - 8)?
5
What is 9 - (16 - 3) - -8?
4
Calculate 4 + -3 + (-1 - -2) + -8.
-6
Calculate (4 - 3) + (1 - 5).
-3
Calculate 3 + 2 + -3 + -1 + 4.
5
What is 0 + -12 + 6 + 2?
-4
Evaluate 4 + -1 - (1 + 3).
-1
Calculate -7 - (-4 - (-1 - (1 - -1))).
-6
Calculate (2 - (5 + 4)) + 7.
0
What is the value of (9 - -1 - 6) + (0 - 2)?
2
What is -5 + (-2 - -5) + 3?
1
Evaluate -100 + 106 - (0 + 1).
5
5 - 2 - ((-2 - 0) + 1)
4
What is -2 - (1 - -4 - (-4 - -17))?
6
What is 0 + 1 + 1 - (0 - -5)?
-3
What is 7 + -7 - (-1 + 0)?
1
Calculate (0 + -8 - -4 - -2) + 0.
-2
4 + 0 - (5 - (9 - 13))
-5
Evaluate -3 + (4 - 4) + 6.
3
Calculate -1 - (-8 - 0) - 6.
1
Calculate 6 + (-9 - (-5 + -6)).
8
Calculate 1 - (0 - -9) - -6.
-2
What is -11 + 10 - (2 + 1)?
-4
(0 - (2 - 4)) + (-1 - 1)
0
2 + 3 + -11 + 1 + 3
-2
What is 5 - (-5 - -10 - (2 - -7))?
9
What is -14 + -8 + 12 + 8?
-2
Calculate 3 + (-16 - (-7 - 1)).
-5
What is 12 - (-6 + 23 + 2)?
-7
(0 - (-3 - -5 - 1)) + -6
-7
Evaluate -5 - (0 + 7 + -8).
-4
What is -7 + 0 + 2 - (25 - 24)?
-6
What is 1 + 3 + (-2 - -1) + -2?
1
What is (-7 - 0) + -34 + 33?
-8
Evaluate (-24 - -18) + 4 + 3.
1
-4 - ((4 - 7) + 4)
-5
What is -4 + (3 - -1 - 4)?
-4
What is 2 + -1 + 4 + -1 + 0?
4
What is -2 + (-5 - -2) + 4 - -2?
1
Calculate 8 + (7 - 2 - 14).
-1
Calculate (8 - (12 + -3)) + 2.
1
0 + 1 - (-1 + 1 + 5)
-4
What is (3 - 11) + (-2 - -6)?
-4
(0 - 7) + (-1 - 1 - -6)
-3
Calculate -1 + 0 + 4 + -6.
-3
Calculate -1 + 0 - (40 + -48).
7
What is -6 + (-2 - (-10 - -5))?
-3
What is 1 - -9 - (-69 - -76)?
3
What is 1 + 14 + -5 - 5?
5
What is the value of 5 - 0 - (-5 - -11)?
-1
Evaluate 12 + 2 + -22 + 3.
-5
What is 1 + 2 + 0 - (-2 + 4)?
1
Evaluate (10 - 4) + (-6 - (-2 - -1)).
1
What is (7 - (41 - 13)) + 13?
-8
Evaluate (4 - 4) + (4 - 5).
-1
9 + 2 + -14 + 7
4
What is the value of -3 + 14 + (-5 - 0) - 13?
-7
Evaluate 2 - (-3 + 0) - (0 + 2).
3
Evaluate -5 - (-11 + 3) - 5.
-2
What is 4 + (-10 - (8 + -10))?
-4
3 + (4 - 4) - 0
3
Evaluate 4 + 5 + -2 - 5.
2
Evaluate -2 + 11 + -8 + -2.
-1
What is (-13 - -8) + -2 - (-2 - -3)?
-8
Evaluate 2 - (2 - 1 - -5).
-4
What is the value of -2 + -6 + (-4 - -12)?
0
Calculate (-3 + -1 - 1 - -1) + 3.
-1
What is -3 + (2 - (-2 - (-2 + 3)))?
2
What is 5 + -4 + 8 - (0 - -4)?
5
-3 + -1 - (7 + -1 + -7)
-3
Evaluate -6 - (-7 + (0 - -6)).
-5
11 + 3 - (25 + -17)
6
-154 + 152 + (-1 - (-6 - -1))
2
What is the value of 3 - (-4 - (-6 - -3))?
4
What is 7 - (-9 - (8 - 24))?
0
(-6 - -4) + 3 + -7 + 0
-6
Calculate 0 - ((-2 - 8) + 11).
-1
Calculate (-16 - -14) + 2 + -3.
-3
Evaluate -10 + -5 + 10 + -3 + 4.
-4
What is the value of -3 + 10 + -3 + (-54 - -43)?
-7
Evaluate -9 + (3 - (8 - 8)) + 1.
-5
What is -3 + -12 - (-22 - -13)?
-6
Evaluate -2 + -5 + (3 - 0).
-4
Calculate -3 + 8 + -15 - (-2 + -5).
-3
Calculate -10 + 12 - (-1 + 3 + 7).
-7
3 - (-2 + -7 + 5 + 3)
4
What is 3 + (-3 - (0 + -2)) + 3?
5
What is the value of -3 + 5 - (-1 + -2) - 6?
-1
What is (5 - 9) + (3 - 0) - 4?
-5
What is -5 + 11 + -9 + 4?
1
What is the value of -1 - -6 - ((-22 - -13) + 15)?
-1
What is -8 - -2 - -7 - 7?
-6
Evaluate -9 - -5 - -3 - -3.
2
Calculate 0 - -1 - (-15 - -13).
3
Calculate -1 + (1 - 0 - -3).
3
Calculate -1 - 6 - (7 - 15).
1
What is the value of (8 - 9) + 2 + -4?
-3
Evaluate (-3 - 0) + (89 - 79) + -2.
5
Evaluate 8 + (-4 - (6 - 3)).
1
What is -6 - -6 - (1 - 4) - 7?
-4
What is the value of (5 + -8 - -5 - 5) + 2?
-1
What is 6 - (-2 + 3 - -2)?
3
1 + -2 - (-1 + -5) - -1
6
What is (5 - 10 - (-3 + -2)) + 1?
1
Evaluate -6 + (1 + 8 - -2).
5
3 + (3 - 4) + -6
-4
(8 - 2) + (-5 - -1)
2
What is ((5 - 6) + 4 - 10) + -1?
-8
What is the value of (-1 - 1) + -40 + 47?
5
Calculate (2 - 2) + 7 + (-14 - -4).
-3
What is the value of -3 + (-5 - 6 - -8)?
-6
What is the value of -4 + 1 + 6 + -5 + 4?
2
Calculate -1 - 2 - (2 + 0 + 0).
-5
Calculate 1 - 3 - -2 - 3.
-3
Evaluate 36 + -31 - (6 - 2).
1
Calculate 4 - -1 - 4 - 1.
0
What is the value of 12 + -10 + (-5 - 1) + 0?
-4
1 + 4 + (-1 - 7) + 7
4
What is the value of -3 + (5 - 1 - 0)?
1
What is 1 - 1 - (5 + (-1 - 3))?
-1
What is the value of -1 + (-7 - 2) - -14?
4
Calculate 0 + (8 + -4 - 5).
-1
What is (2 - (13 - 5)) + 5?
-1
Evaluate 6 + (-8 - 1) + 1.
-2
Evaluate 1 - 0 - (-1 - 3).
5
Evaluate 2 + -1 + -1 + (-2 - 1).
-3
8 + -1 + (3 + 2 - 7)
5
Calculate -13 - ((-7 - 8) + 8).
-6
Calculate -64 - -66 - (-3 - -1 - -1).
3
Evaluate -5 + 0 - (-8 - (-9 + 6)).
0
What is 20 - 39 - (-1 + -12)?
-6
Calculate 3 - (8 + -2) - -5.
2
Calculate -2 + -3 - -1 - (3 - 3).
-4
What is the value of 31 - 36 - (0 + -2)?
-3
What is the value of 5 + (-4 - 4) - -7?
4
What is (0 - 0) + (-10 - -8) - -5?
3
What is -6 - (-16 - (-6 + -4 + 5))?
5
Calculate 5 - ((-8 - -15) + 4).
-6
Calculate (0 - (1 + -4)) + -3 + 1.
1
Calculate 2 + -3 + 8 + -1 - 3.
3
What is the value of (7 - 0) + (-4 - (-3 + 1))?
5
What is the value of (2 - 1) + (-12 - 1) + 8?
-4
Evaluate 6 - (1 + 6 + -5).
4
-5 - (3 - (1 + 7)) - -4
4
What is the value of 3 + 2 + -6 + 3?
2
3 + -6 + 12 + -4 + -2
3
What is -3 + (4 - 3) + 4 + -4?
-2
Evaluate 6 - (-4 + (2 - -3) - -3).
2
What is 0 + 7 - (17 - 16)?
6
Evaluate 2 + (8 - 4) - (17 + -22).
11
-3 + 1 + (20 + -5 - 10)
3
What is (8 - -2) + (-109 - -110)?
11
What is the value of -3 + 3 + -1 + 4 + 1?
4
What is -16 + 16 + -1 + -1 - -3?
1
1 + 3 - (-34 - -31)
7
Calculate -4 - 1 - ((0 - -3) + -5).
-3
What is -15 - -10 - (-11 + 2 + -2)?
6
(-3 + 3 - -1 - -2) + -1
2
Calculate -7 - -7 - (-1 - (-1 - 5)).
-5
3 + (0 - (-3 + 2))
4
Evaluate -2 + (-4 - -4) + -2 + 7.
3
Evaluate 10 - (-19 + 10 + 19).
0
-6 - (-17 - (2 - 7))
6
Evaluate (10 - 11) + -5 + -4.
-10
Evaluate (-3 - -5) + 5 + -4.
3
What is -3 + (-14 - 0) - -9?
-8
-2 + 3 - (-13 + 13)
1
What is -3 + -4 + -13 + 23?
3
What is -3 + 1 - 1 - -4?
1
What is the value of 5 + (-5 + 0 - -6) - 9?
-3
-4 - ((5 - 12) + 2) - 3
-2
(2 - (1 + 3)) + (-40 - -40)
-2
2 + 3 - (6 - -2)
-3
What is -2 + -4 + 14 + -4?
4
6 - 4 - (4 - 6)
4
What is the value of -5 + 0 + 5 + -2?
-2
What is -2 + (0 - (3 - 0)) - -3?
-2
3 - -1 - (32 - 25)
-3
Evaluate -6 + (4 + 4 - 8).
-6
What is the value of (-2 - (3 + -4)) + 1 - -3?
3
Calculate -3 + (7 - 7) + 1.
-2
What is the value of ((4 - 3) + -3 - 5) + 11?
4
What is -2 + (3 - (-4 + 10 + -8))?
3
Calculate -10 + 4 + -7 - -8.
-5
What is 3 - (7 + -2 - (1 - -2))?
1
Calculate 6 + 4 + 3 - 5 - 8.
0
What is -3 + 1 + 23 + -24?
-3
2 + (0 - -2) + -1 + -12
-9
What is 1 - -1 - (-6 + 13) - -1?
-4
What is 0 + 10 + 2 + -8?
4
Evaluate 2 - 5 - -4 - 5.
-4
0 - 4 - (9 - (0 + 10))
-3
What is -5 - 0 - (42 - 39) - -14?
6
3 - 2 - 7 - -3
-3
What is the value of 2 - 0 - (5 - (-6 - -9))?
0
What is 6 + -2 - (2 + 1 + 3)?
-2
19 + -23 + 2 + 0 + 4
2
(-2 - -2) + 2 + -4 + 0
-2
What is the value of 3 + 2 + 3 + -5 + 3?
6
What is 10 + (-9 - -5 - 9)?
-3
Evaluate (1 + -6 - -10) + -4.
1
What is the value of -1 + 1 + (5 - -2) + -4?
3
What is the value of 0 + (-3 - (-1 + -3))?
1
What is the value of (-5 - -3) + 17 + -12 + -10?
-7
What is 3 - (-2 + 8 - 5 - 4)?
6
(-6 - (-6 + 1)) + -1
-2
Evaluate 2 - (15 - 5) - -6.
-2
Calculate -16 + 6 + 0 - (-1 + -1).
-8
Calculate (2 - 5) + (4 - 1) + -3.
-3
What is 5 - 7 - (3 - (-1 + 2))?
-4
What is the value of 0 + 6 - -12 - 11?
7
What is the value of 3 - (-5 - (3 - 9))?
2
0 - (5 + -3 + -8 + 7)
-1
What is the value of 6 + (1 - 2) - 0?
5
Evaluate -26 + 18 + (2 - 1 - -1).
-6
1 - (-2 + 3 + -3) - -1
4
(9 - (2 - 6 - -9)) + -6
-2
Calculate -5 + (8 - 0) - (-2 + 2).
3
26 - 32 - (-3 - 0)
-3
Evaluate -3 + (-3 - (-4 - (-4 - -4))).
-2
What is 20 + -12 - (12 - -1)?
-5
What is 7 - 2 - (10 + 0 + -4)?
-1
What is 5 + -12 + (-1 - 5) + 12?
-1
What is the value of (0 - 2) + (13 - 7)?
4
What is the value of (-5 - -12 - 8) + (2 - -5)?
6
What is -2 + 9 + -2 + 0 + -1?
4
(-3 - -3) + 4 - (-3 + 6)
1
What is the value of 4 + (-1 - 0) - 3?
0
Calculate 3 - (10 - (3 + 0)).
-4
What is the value of 2 - (1 - -3 - (1 + 2))?
1
-26 - -23 - (6 + 0 + -3)
-6
(4 + -6 - -1) + -2
-3
What is the value of -502 + 500 + (0 - (-1 + 0))?
-1
Evaluate -3 + 1 + 1 - (15 + -14).
-2
What is (-2 - -16) + -7 + -7?
0
-6 + (7 - (7 - 2)) + 10
6
What is the value of (1 - 2 - 2) + 5?
2
What is 7 + -1 - (-10 + (-8 - -19))?
5
What is 7 + 0 + (102 - 112)?
-3
What is the value of 3 - 0 - (7 - 6)?
2
What is -7 - (10 + -13 - (8 - 0))?
4
-9 - (-12 + 3 + 9)
-9
What is the value of -44 + 37 + 17 + 0?
10
Cal